me factors of 375082?
2, 167, 1123
What are the prime factors of 905881?
43, 21067
List the prime factors of 1211520.
2, 3, 5, 631
What are the prime factors of 1418390?
2, 5, 29, 67, 73
What are the prime factors of 3952476?
2, 3, 11, 1109
List the prime factors of 303456.
2, 3, 29, 109
List the prime factors of 15777038.
2, 7888519
What are the prime factors of 4061543?
4061543
What are the prime factors of 177911?
89, 1999
List the prime factors of 493426.
2, 246713
What are the prime factors of 474387?
3, 158129
What are the prime factors of 1233998?
2, 616999
What are the prime factors of 359557?
11, 32687
What are the prime factors of 161778?
2, 3, 59, 457
What are the prime factors of 136875?
3, 5, 73
What are the prime factors of 102964?
2, 25741
List the prime factors of 796331.
17, 139, 337
List the prime factors of 11889732.
2, 3, 17, 167, 349
What are the prime factors of 14998257?
3, 555491
What are the prime factors of 2785948?
2, 11, 63317
What are the prime factors of 193911?
3, 109, 593
What are the prime factors of 2709550?
2, 5, 47, 1153
List the prime factors of 115392.
2, 3, 601
What are the prime factors of 1426848?
2, 3, 89, 167
List the prime factors of 3955628.
2, 17, 58171
What are the prime factors of 748720?
2, 5, 7, 191
What are the prime factors of 541644?
2, 3, 45137
List the prime factors of 1396409.
7, 199487
List the prime factors of 8087880.
2, 3, 5, 67399
List the prime factors of 175290.
2, 3, 5, 5843
List the prime factors of 997461.
3, 36943
What are the prime factors of 37312614?
2, 3, 191, 10853
What are the prime factors of 397355?
5, 7, 11353
What are the prime factors of 1504471?
1504471
What are the prime factors of 68346?
2, 3, 3797
List the prime factors of 207383.
11, 17, 1109
List the prime factors of 268821.
3, 7, 17, 251
List the prime factors of 2551468.
2, 439, 1453
List the prime factors of 1337157.
3, 148573
List the prime factors of 37430869.
7, 179, 29873
What are the prime factors of 867311?
727, 1193
List the prime factors of 27493610.
2, 5, 2749361
What are the prime factors of 6022653?
3, 7, 13, 1697
List the prime factors of 1381325.
5, 11, 5023
What are the prime factors of 180616?
2, 107, 211
List the prime factors of 195397.
37, 5281
What are the prime factors of 17471?
17471
List the prime factors of 7304905.
5, 1460981
List the prime factors of 661689.
3, 7, 389
List the prime factors of 587933.
587933
List the prime factors of 8437074.
2, 3, 521, 2699
What are the prime factors of 7676608?
2, 19, 59, 107
What are the prime factors of 2339392?
2, 11, 3323
What are the prime factors of 568772?
2, 142193
List the prime factors of 483701.
17, 37, 769
List the prime factors of 10673171.
109, 97919
List the prime factors of 221839.
97, 2287
List the prime factors of 164420.
2, 5, 8221
What are the prime factors of 100957?
100957
What are the prime factors of 360763?
13, 27751
List the prime factors of 423624.
2, 3, 19, 929
List the prime factors of 667704.
2, 3, 43, 647
List the prime factors of 3668030.
2, 5, 59, 6217
List the prime factors of 12284850.
2, 3, 5, 81899
What are the prime factors of 130927?
130927
List the prime factors of 164413.
164413
List the prime factors of 100563.
3, 33521
What are the prime factors of 8908340?
2, 5, 7, 17, 19, 197
List the prime factors of 895628.
2, 17, 13171
What are the prime factors of 7622340?
2, 3, 5, 11, 11549
List the prime factors of 1373414.
2, 7, 98101
What are the prime factors of 167775?
3, 5, 2237
What are the prime factors of 216472?
2, 27059
What are the prime factors of 8765343?
3, 31, 89, 353
What are the prime factors of 85332?
2, 3, 13, 547
List the prime factors of 3407710.
2, 5, 433, 787
List the prime factors of 962293.
19, 50647
List the prime factors of 164309.
164309
What are the prime factors of 3175644?
2, 3, 264637
What are the prime factors of 21117487?
21117487
List the prime factors of 157533.
3, 52511
What are the prime factors of 4810402?
2, 1531, 1571
List the prime factors of 115370.
2, 5, 83, 139
What are the prime factors of 611147?
611147
List the prime factors of 462791.
7, 17, 3889
List the prime factors of 1669396.
2, 149, 2801
List the prime factors of 1818692.
2, 454673
List the prime factors of 7394981.
11, 672271
What are the prime factors of 7188641?
1097, 6553
List the prime factors of 5112118.
2, 11, 23, 10103
What are the prime factors of 626939?
313, 2003
List the prime factors of 18669.
3, 7, 127
List the prime factors of 31719561.
3, 191, 197, 281
List the prime factors of 5126801.
1321, 3881
List the prime factors of 1118063.
1118063
List the prime factors of 14959112.
2, 7, 31, 1231
List the prime factors of 342246.
2, 3, 57041
List the prime factors of 892038.
2, 3, 7, 67, 317
List the prime factors of 7074066.
2, 3, 1179011
List the prime factors of 5894263.
5894263
List the prime factors of 1749127.
23, 113, 673
List the prime factors of 8865.
3, 5, 197
What are the prime factors of 1286195?
5, 257239
What are the prime factors of 1167731?
1167731
List the prime factors of 685482.
2, 3, 7, 19, 859
What are the prime factors of 98997?
3, 32999
List the prime factors of 265026.
2, 3, 44171
What are the prime factors of 303987?
3, 107, 947
What are the prime factors of 363874?
2, 7, 47, 79
List the prime factors of 29069019.
3, 7, 461413
What are the prime factors of 3217445?
5, 7, 11, 61, 137
What are the prime factors of 5936859?
3, 17, 38803
List the prime factors of 7819733.
7819733
What are the prime factors of 271832?
2, 11, 3089
What are the prime factors of 94756?
2, 23689
What are the prime factors of 303986?
2, 31, 4903
List the prime factors of 4724497.
4724497
List the prime factors of 12414984.
2, 3, 397, 1303
List the prime factors of 240229.
11, 21839
What are the prime factors of 27781?
13, 2137
List the prime factors of 1820455.
5, 7, 13, 4001
List the prime factors of 170033.
193, 881
List the prime factors of 3934645.
5, 11, 13, 5503
List the prime factors of 10724549.
11, 974959
List the prime factors of 460407.
3, 153469
What are the prime factors of 4733197?
7, 676171
What are the prime factors of 4681082?
2, 7, 334363
List the prime factors of 294883.
23, 12821
What are the prime factors of 1188824?
2, 7, 13, 23, 71
List the prime factors of 8130373.
8130373
List the prime factors of 495488.
2, 7, 79
List the prime factors of 1000647.
3, 37061
What are the prime factors of 1597482?
2, 3, 19, 173
List the prime factors of 3639384.
2, 3, 7, 29, 83
List the prime factors of 678778.
2, 339389
List the prime factors of 325202.
2, 162601
List the prime factors of 1020430.
2, 5, 102043
What are the prime factors of 15557852?
2, 83, 46861
What are the prime factors of 354223?
23, 15401
List the prime factors of 382322.
2, 191161
List the prime factors of 1357855.
5, 271571
What are the prime factors of 681396?
2, 3, 56783
What are the prime factors of 50953?
7, 29, 251
List the prime factors of 5261421.
3, 11, 159437
What are the prime factors of 1354941?
3, 7, 67, 107
What are the prime factors of 1046371?
1046371
What are the prime factors of 291117?
3, 97039
What are the prime factors of 1787696?
2, 111731
What are the prime factors of 23414540?
2, 5, 1170727
List the prime factors of 19001830.
2, 5, 223, 8521
What are the prime factors of 1979073?
3, 53, 461
List the prime factors of 17019885.
3, 5, 23, 49333
What are the prime factors of 1316110?
2, 5, 131611
List the prime factors of 15806208.
2, 3, 11, 1871
List the prime factors of 479589.
3, 11, 14533
List the prime factors of 325088.
2, 10159
What are the prime factors of 125377?
7, 17911
List the prime factors of 5802002.
2, 2901001
What are the prime factors of 217816?
2, 19, 1433
List the prime factors of 78295.
5, 7, 2237
What are the prime factors of 5709959?
1367, 4177
What are the prime factors of 402114?
2, 3, 29, 2311
What are the prime factors of 298185?
3, 5, 103, 193
List the prime factors of 1872668.
2, 7, 47, 1423
List the prime factors of 5919576.
2, 3, 13, 18973
What are the prime factors of 634208?
2, 19819
What are the prime factors of 4047553?
1873, 2161
List the prime factors of 735519.
3, 245173
List the prime factors of 171325.
5, 7, 11, 89
List the prime factors of 2034068.
2, 508517
Wh